{"id":26,"date":"2020-08-19T15:03:27","date_gmt":"2020-08-19T13:03:27","guid":{"rendered":"https:\/\/therapiezentrum-kronschnabel.de\/heilpraktiker\/?page_id=26"},"modified":"2026-03-31T09:47:38","modified_gmt":"2026-03-31T07:47:38","slug":"dasbin-ich","status":"publish","type":"page","link":"https:\/\/therapiezentrum-kronschnabel.de\/heilpraktiker\/dasbin-ich\/","title":{"rendered":"das bin ich"},"content":{"rendered":"<p>[et_pb_section fb_built=&#8220;1&#8243; _builder_version=&#8220;4.16&#8243; _module_preset=&#8220;default&#8220; global_colors_info=&#8220;{}&#8220;][et_pb_row use_custom_gutter=&#8220;on&#8220; gutter_width=&#8220;1&#8243; make_equal=&#8220;on&#8220; _builder_version=&#8220;4.27.4&#8243; _module_preset=&#8220;default&#8220; max_width=&#8220;1280px&#8220; global_colors_info=&#8220;{}&#8220;][et_pb_column type=&#8220;4_4&#8243; _builder_version=&#8220;4.27.4&#8243; _module_preset=&#8220;default&#8220; global_colors_info=&#8220;{}&#8220;][et_pb_slider show_pagination=&#8220;off&#8220; _builder_version=&#8220;4.27.5&#8243; _module_preset=&#8220;default&#8220; auto=&#8220;on&#8220; hover_enabled=&#8220;0&#8243; border_radii_image=&#8220;on|15px|15px|15px|15px&#8220; box_shadow_style_image=&#8220;preset2&#8243; box_shadow_color_image=&#8220;rgba(255,255,255,0.18)&#8220; global_colors_info=&#8220;{}&#8220; sticky_enabled=&#8220;0&#8243;][et_pb_slide heading=&#8220;Das bin ich&#8220; image=&#8220;https:\/\/therapiezentrum-kronschnabel.de\/heilpraktiker\/wp-content\/uploads\/sites\/3\/2025\/11\/praxis-4-6-scaled.jpg&#8220; use_bg_overlay=&#8220;off&#8220; use_text_overlay=&#8220;off&#8220; _builder_version=&#8220;4.27.5&#8243; _module_preset=&#8220;default&#8220; header_font=&#8220;Times New Roman||||||||&#8220; body_font=&#8220;Times New Roman||||||||&#8220; body_font_size=&#8220;22px&#8220; background_color=&#8220;#52784b&#8220; background_enable_color=&#8220;on&#8220; custom_padding=&#8220;||||false|false&#8220; hover_enabled=&#8220;0&#8243; global_colors_info=&#8220;{}&#8220; sticky_transition=&#8220;on&#8220; sticky_enabled=&#8220;0&#8243;]<\/p>\n<p>Als Heilpraktiker habe ich meinen Schwerpunkt auf die Osteopathie gelegt.<\/p>\n<p>Dabei sehe ich es als meine Berufung an, strukturelle und energetische Osteopathie zu verbinden.<\/p>\n<p>Menschen im Einklang mit nat\u00fcrlichen Methoden zu helfen ist meine tagt\u00e4gliche Motivation.<\/p>\n<p>Osteopathie f\u00fcr K\u00f6rper, Geist und Seele &#8230;<\/p>\n<p>&#8230; EINTAUCHEN, RUNTERKOMMEN, SICH SP\u00dcREN, SICH AUSRICHTEN!<\/p>\n<p>[\/et_pb_slide][\/et_pb_slider][\/et_pb_column][\/et_pb_row][\/et_pb_section]<\/p>\n","protected":false},"excerpt":{"rendered":"<p>Als Heilpraktiker habe ich meinen Schwerpunkt auf die Osteopathie gelegt. Dabei sehe ich es als meine Berufung an, strukturelle und energetische Osteopathie zu verbinden. Menschen im Einklang mit nat\u00fcrlichen Methoden zu helfen ist meine tagt\u00e4gliche Motivation. Osteopathie f\u00fcr K\u00f6rper, Geist und Seele &#8230; &#8230; EINTAUCHEN, RUNTERKOMMEN, SICH SP\u00dcREN, SICH AUSRICHTEN!<\/p>\n","protected":false},"author":1,"featured_media":0,"parent":0,"menu_order":0,"comment_status":"closed","ping_status":"closed","template":"","meta":{"_et_pb_use_builder":"on","_et_pb_old_content":"","_et_gb_content_width":"","footnotes":""},"class_list":["post-26","page","type-page","status-publish","hentry"],"_links":{"self":[{"href":"https:\/\/therapiezentrum-kronschnabel.de\/heilpraktiker\/wp-json\/wp\/v2\/pages\/26","targetHints":{"allow":["GET"]}}],"collection":[{"href":"https:\/\/therapiezentrum-kronschnabel.de\/heilpraktiker\/wp-json\/wp\/v2\/pages"}],"about":[{"href":"https:\/\/therapiezentrum-kronschnabel.de\/heilpraktiker\/wp-json\/wp\/v2\/types\/page"}],"author":[{"embeddable":true,"href":"https:\/\/therapiezentrum-kronschnabel.de\/heilpraktiker\/wp-json\/wp\/v2\/users\/1"}],"replies":[{"embeddable":true,"href":"https:\/\/therapiezentrum-kronschnabel.de\/heilpraktiker\/wp-json\/wp\/v2\/comments?post=26"}],"version-history":[{"count":9,"href":"https:\/\/therapiezentrum-kronschnabel.de\/heilpraktiker\/wp-json\/wp\/v2\/pages\/26\/revisions"}],"predecessor-version":[{"id":175,"href":"https:\/\/therapiezentrum-kronschnabel.de\/heilpraktiker\/wp-json\/wp\/v2\/pages\/26\/revisions\/175"}],"wp:attachment":[{"href":"https:\/\/therapiezentrum-kronschnabel.de\/heilpraktiker\/wp-json\/wp\/v2\/media?parent=26"}],"curies":[{"name":"wp","href":"https:\/\/api.w.org\/{rel}","templated":true}]}}

<p>[et_pb_section fb_built=&#8220;1&#8243; _builder_version=&#8220;4.16&#8243; _module_preset=&#8220;default&#8220; global_colors_info=&#8220;{}&#8220;][et_pb_row use_custom_gutter=&#8220;on&#8220; gutter_width=&#8220;1&#8243; make_equal=&#8220;on&#8220; _builder_version=&#8220;4.27.4&#8243; _module_preset=&#8220;default&#8220; max_width=&#8220;1280px&#8220; global_colors_info=&#8220;{}&#8220;][et_pb_column type=&#8220;4_4&#8243; _builder_version=&#8220;4.27.4&#8243; _module_preset=&#8220;default&#8220; global_colors_info=&#8220;{}&#8220;][et_pb_slider show_pagination=&#8220;off&#8220; _builder_version=&#8220;4.27.5&#8243; _module_preset=&#8220;default&#8220; auto=&#8220;on&#8220; hover_enabled=&#8220;0&#8243; border_radii_image=&#8220;on|15px|15px|15px|15px&#8220; box_shadow_style_image=&#8220;preset2&#8243; box_shadow_color_image=&#8220;rgba(255,255,255,0.18)&#8220; global_colors_info=&#8220;{}&#8220; sticky_enabled=&#8220;0&#8243;][et_pb_slide heading=&#8220;Das bin ich&#8220; image=&#8220;https://therapiezentrum-kronschnabel.de/heilpraktiker/wp-content/uploads/sites/3/2025/11/praxis-4-6-scaled.jpg&#8220; use_bg_overlay=&#8220;off&#8220; use_text_overlay=&#8220;off&#8220; _builder_version=&#8220;4.27.5&#8243; _module_preset=&#8220;default&#8220; header_font=&#8220;Times New Roman||||||||&#8220; body_font=&#8220;Times New Roman||||||||&#8220; body_font_size=&#8220;22px&#8220; background_color=&#8220;#52784b&#8220; background_enable_color=&#8220;on&#8220; custom_padding=&#8220;||||false|false&#8220; hover_enabled=&#8220;0&#8243; global_colors_info=&#8220;{}&#8220; sticky_transition=&#8220;on&#8220; sticky_enabled=&#8220;0&#8243;]</p>
<p>Als Heilpraktiker habe ich meinen Schwerpunkt auf die Osteopathie gelegt.</p>
<p>Dabei sehe ich es als meine Berufung an, strukturelle und energetische Osteopathie zu verbinden.</p>
<p>Menschen im Einklang mit natürlichen Methoden zu helfen ist meine tagtägliche Motivation.</p>
<p>Osteopathie für Körper, Geist und Seele &#8230;</p>
<p>&#8230; EINTAUCHEN, RUNTERKOMMEN, SICH SPÜREN, SICH AUSRICHTEN!</p>
<p>[/et_pb_slide][/et_pb_slider][/et_pb_column][/et_pb_row][/et_pb_section]</p>

<p>Als Heilpraktiker habe ich meinen Schwerpunkt auf die Osteopathie gelegt. Dabei sehe ich es als meine Berufung an, strukturelle und energetische Osteopathie zu verbinden. Menschen im Einklang mit natürlichen Methoden zu helfen ist meine tagtägliche Motivation. Osteopathie für Körper, Geist und Seele &#8230; &#8230; EINTAUCHEN, RUNTERKOMMEN, SICH SPÜREN, SICH AUSRICHTEN!</p>
