{"id":39,"date":"2025-05-13T10:08:51","date_gmt":"2025-05-13T08:08:51","guid":{"rendered":"https:\/\/therapiezentrum-kronschnabel.de\/physiotherapie\/?page_id=39"},"modified":"2026-03-24T13:19:43","modified_gmt":"2026-03-24T12:19:43","slug":"startseite","status":"publish","type":"page","link":"https:\/\/therapiezentrum-kronschnabel.de\/physiotherapie\/","title":{"rendered":"Startseite"},"content":{"rendered":"<p>[et_pb_section fb_built=&#8220;1&#8243; _builder_version=&#8220;4.16&#8243; global_colors_info=&#8220;{}&#8220;][et_pb_row use_custom_gutter=&#8220;on&#8220; gutter_width=&#8220;1&#8243; make_equal=&#8220;on&#8220; _builder_version=&#8220;4.27.4&#8243; _module_preset=&#8220;default&#8220; max_width=&#8220;1280px&#8220; global_colors_info=&#8220;{}&#8220;][et_pb_column type=&#8220;4_4&#8243; _builder_version=&#8220;4.27.4&#8243; _module_preset=&#8220;default&#8220; global_colors_info=&#8220;{}&#8220;][et_pb_slider show_pagination=&#8220;off&#8220; _builder_version=&#8220;4.27.4&#8243; _module_preset=&#8220;default&#8220; auto=&#8220;on&#8220; border_radii_image=&#8220;on|15px|15px|15px|15px&#8220; box_shadow_style_image=&#8220;preset2&#8243; box_shadow_color_image=&#8220;rgba(255,255,255,0.18)&#8220; global_colors_info=&#8220;{}&#8220;][et_pb_slide heading=&#8220;Herzlich Willkommen&#8220; image=&#8220;https:\/\/therapiezentrum-kronschnabel.de\/physiotherapie\/wp-content\/uploads\/sites\/2\/2025\/11\/praxis-karina-werner-samuel.jpg&#8220; use_bg_overlay=&#8220;off&#8220; use_text_overlay=&#8220;off&#8220; _builder_version=&#8220;4.27.4&#8243; _module_preset=&#8220;default&#8220; header_font=&#8220;Times New Roman||||||||&#8220; body_font=&#8220;Times New Roman||||||||&#8220; body_font_size=&#8220;22px&#8220; background_color=&#8220;#52784b&#8220; background_enable_color=&#8220;on&#8220; custom_padding=&#8220;||||false|false&#8220; global_colors_info=&#8220;{}&#8220; sticky_transition=&#8220;on&#8220;]<\/p>\n<p>in der Praxis f\u00fcr Physiotherapie in Osterhofen<\/p>\n<p>[\/et_pb_slide][et_pb_slide heading=&#8220;Herzlich Willkommen&#8220; image=&#8220;https:\/\/therapiezentrum-kronschnabel.de\/physiotherapie\/wp-content\/uploads\/sites\/2\/2025\/11\/praxis-4-10-scaled.jpg&#8220; _builder_version=&#8220;4.27.4&#8243; _module_preset=&#8220;default&#8220; header_font=&#8220;Times New Roman||||||||&#8220; body_font=&#8220;Times New Roman||||||||&#8220; body_font_size=&#8220;22px&#8220; background_color=&#8220;#52784b&#8220; background_enable_color=&#8220;on&#8220; global_colors_info=&#8220;{}&#8220; sticky_transition=&#8220;on&#8220;]<\/p>\n<p>in der Praxis f\u00fcr Physiotherapie in Osterhofen<\/p>\n<p>[\/et_pb_slide][\/et_pb_slider][\/et_pb_column][\/et_pb_row][et_pb_row _builder_version=&#8220;4.16&#8243; background_size=&#8220;initial&#8220; background_position=&#8220;top_left&#8220; background_repeat=&#8220;repeat&#8220; global_colors_info=&#8220;{}&#8220;][et_pb_column type=&#8220;4_4&#8243; _builder_version=&#8220;4.16&#8243; custom_padding=&#8220;|||&#8220; global_colors_info=&#8220;{}&#8220; custom_padding__hover=&#8220;|||&#8220;][et_pb_testimonial author=&#8220;J. Rohn&#8220; _builder_version=&#8220;4.27.4&#8243; _module_preset=&#8220;default&#8220; body_font=&#8220;Times New Roman||||||||&#8220; body_font_size=&#8220;20px&#8220; author_font=&#8220;Times New Roman|700|on||||||&#8220; author_font_size=&#8220;18px&#8220; width=&#8220;70%&#8220; module_alignment=&#8220;center&#8220; custom_margin=&#8220;||53px|||&#8220; body_text_color_tablet=&#8220;&#8220; body_text_color_phone=&#8220;&#8220; body_text_color_last_edited=&#8220;on|desktop&#8220; body_font_size_tablet=&#8220;20px&#8220; body_font_size_phone=&#8220;16px&#8220; body_font_size_last_edited=&#8220;on|phone&#8220; locked=&#8220;off&#8220; global_colors_info=&#8220;{}&#8220;]<\/p>\n<p>Sorge dich gut\u00a0 um deinen K\u00f6rper.<br \/>Es ist der einzige Ort, den du zum Leben hast!<\/p>\n<p>[\/et_pb_testimonial][et_pb_text _builder_version=&#8220;4.27.5&#8243; _module_preset=&#8220;default&#8220; text_font=&#8220;Times New Roman||||||||&#8220; text_text_color=&#8220;#7a7a7a&#8220; text_font_size=&#8220;22px&#8220; header_font=&#8220;Times New Roman||||||||&#8220; header_2_font=&#8220;Times New Roman||||||||&#8220; header_2_text_color=&#8220;#52784b&#8220; header_2_font_size=&#8220;28px&#8220; text_orientation=&#8220;center&#8220; hover_enabled=&#8220;0&#8243; text_font_size_tablet=&#8220;22px&#8220; text_font_size_phone=&#8220;18px&#8220; text_font_size_last_edited=&#8220;on|phone&#8220; global_colors_info=&#8220;{}&#8220; sticky_enabled=&#8220;0&#8243;]<\/p>\n<h2>Unsere Philosophie<\/h2>\n<p>Als Physiotherapeuten mit etlichen Fort- und Weiterbildungen bieten wir die besten Voraussetzungen und sind mit unserem Wissen gerne f\u00fcr Gesundheit und Pr\u00e4vention f\u00fcr Sie da.<\/p>\n<p>Neben Physiotherapie bieten wir zus\u00e4tzlich Osteopathie durch Herrn Werner Kronschabel, <a href=\"https:\/\/therapiezentrum-kronschnabel.de\/heilpraktiker\/\"><span style=\"text-decoration: underline; color: #008000;\">Heilpraktiker<\/span><\/a> an.<\/p>\n<p>[\/et_pb_text][\/et_pb_column][\/et_pb_row][\/et_pb_section][et_pb_section fb_built=&#8220;1&#8243; _builder_version=&#8220;4.27.4&#8243; _module_preset=&#8220;default&#8220; global_colors_info=&#8220;{}&#8220;][\/et_pb_section]<\/p>\n","protected":false},"excerpt":{"rendered":"<p>in der Praxis f\u00fcr Physiotherapie in Osterhofenin der Praxis f\u00fcr Physiotherapie in OsterhofenSorge dich gut\u00a0 um deinen K\u00f6rper.Es ist der einzige Ort, den du zum Leben hast!Unsere Philosophie Als Physiotherapeuten mit etlichen Fort- und Weiterbildungen bieten wir die besten Voraussetzungen und sind mit unserem Wissen gerne f\u00fcr Gesundheit und Pr\u00e4vention f\u00fcr Sie da. Neben Physiotherapie [&hellip;]<\/p>\n","protected":false},"author":1,"featured_media":0,"parent":0,"menu_order":0,"comment_status":"closed","ping_status":"closed","template":"","meta":{"_et_pb_use_builder":"on","_et_pb_old_content":"","_et_gb_content_width":"","footnotes":""},"class_list":["post-39","page","type-page","status-publish","hentry"],"_links":{"self":[{"href":"https:\/\/therapiezentrum-kronschnabel.de\/physiotherapie\/wp-json\/wp\/v2\/pages\/39","targetHints":{"allow":["GET"]}}],"collection":[{"href":"https:\/\/therapiezentrum-kronschnabel.de\/physiotherapie\/wp-json\/wp\/v2\/pages"}],"about":[{"href":"https:\/\/therapiezentrum-kronschnabel.de\/physiotherapie\/wp-json\/wp\/v2\/types\/page"}],"author":[{"embeddable":true,"href":"https:\/\/therapiezentrum-kronschnabel.de\/physiotherapie\/wp-json\/wp\/v2\/users\/1"}],"replies":[{"embeddable":true,"href":"https:\/\/therapiezentrum-kronschnabel.de\/physiotherapie\/wp-json\/wp\/v2\/comments?post=39"}],"version-history":[{"count":21,"href":"https:\/\/therapiezentrum-kronschnabel.de\/physiotherapie\/wp-json\/wp\/v2\/pages\/39\/revisions"}],"predecessor-version":[{"id":146,"href":"https:\/\/therapiezentrum-kronschnabel.de\/physiotherapie\/wp-json\/wp\/v2\/pages\/39\/revisions\/146"}],"wp:attachment":[{"href":"https:\/\/therapiezentrum-kronschnabel.de\/physiotherapie\/wp-json\/wp\/v2\/media?parent=39"}],"curies":[{"name":"wp","href":"https:\/\/api.w.org\/{rel}","templated":true}]}}